{"id":5168,"date":"2022-10-07T09:02:07","date_gmt":"2022-10-07T09:02:07","guid":{"rendered":"https:\/\/vinalssoler.com\/producto\/carrat-de-cabrito\/"},"modified":"2022-10-10T15:46:57","modified_gmt":"2022-10-10T15:46:57","slug":"carrat-de-cabrito","status":"publish","type":"product","link":"https:\/\/vinalssoler.com\/it\/producto-it\/carrat-de-cabrito\/","title":{"rendered":"Carrat de cabrito"},"content":{"rendered":"","protected":false},"excerpt":{"rendered":"<p>En Vi\u00f1als Soler nos sentimos orgullosos de decir que contamos con m\u00e1s de 100 a\u00f1os de historia, \u00e9xitos y crecimiento.<\/p>\n","protected":false},"featured_media":5886,"template":"","meta":[],"product_brand":[],"product_cat":[99],"product_tag":[],"class_list":["post-5168","product","type-product","status-publish","has-post-thumbnail","product_cat-envasado-cordero","first","instock","shipping-taxable","product-type-simple"],"yoast_head":"<!-- This site is optimized with the Yoast SEO plugin v28.4 - https:\/\/yoast.com\/product\/yoast-seo-wordpress\/ -->\n<title>Carrat de cabrito - Vi\u00f1als Soler<\/title>\n<meta name=\"robots\" content=\"index, follow, max-snippet:-1, max-image-preview:large, max-video-preview:-1\" \/>\n<link rel=\"canonical\" href=\"https:\/\/vinalssoler.com\/producto\/carrat-de-cabrito\/\" \/>\n<meta property=\"og:locale\" content=\"it_IT\" \/>\n<meta property=\"og:type\" content=\"article\" \/>\n<meta property=\"og:title\" content=\"Carrat de cabrito - Vi\u00f1als Soler\" \/>\n<meta property=\"og:description\" content=\"En Vi\u00f1als Soler nos sentimos orgullosos de decir que contamos con m\u00e1s de 100 a\u00f1os de historia, \u00e9xitos y crecimiento.\" \/>\n<meta property=\"og:url\" content=\"https:\/\/vinalssoler.com\/producto\/carrat-de-cabrito\/\" \/>\n<meta property=\"og:site_name\" content=\"Vi\u00f1als Soler\" \/>\n<meta property=\"article:publisher\" content=\"https:\/\/www.facebook.com\/vinalssoler\" \/>\n<meta property=\"article:modified_time\" content=\"2022-10-10T15:46:57+00:00\" \/>\n<meta property=\"og:image\" content=\"https:\/\/vinalssoler.com\/wp-content\/uploads\/2022\/10\/015-Carrat-de-cabrito.jpg\" \/>\n\t<meta property=\"og:image:width\" content=\"1545\" \/>\n\t<meta property=\"og:image:height\" content=\"1030\" \/>\n\t<meta property=\"og:image:type\" content=\"image\/jpeg\" \/>\n<meta name=\"twitter:card\" content=\"summary_large_image\" \/>\n<script type=\"application\/ld+json\" class=\"yoast-schema-graph\">{\"@context\":\"https:\\\/\\\/schema.org\",\"@graph\":[{\"@type\":\"WebPage\",\"@id\":\"https:\\\/\\\/vinalssoler.com\\\/producto\\\/carrat-de-cabrito\\\/\",\"url\":\"https:\\\/\\\/vinalssoler.com\\\/producto\\\/carrat-de-cabrito\\\/\",\"name\":\"Carrat de cabrito - Vi\u00f1als Soler\",\"isPartOf\":{\"@id\":\"https:\\\/\\\/vinalssoler.com\\\/#website\"},\"primaryImageOfPage\":{\"@id\":\"https:\\\/\\\/vinalssoler.com\\\/producto\\\/carrat-de-cabrito\\\/#primaryimage\"},\"image\":{\"@id\":\"https:\\\/\\\/vinalssoler.com\\\/producto\\\/carrat-de-cabrito\\\/#primaryimage\"},\"thumbnailUrl\":\"https:\\\/\\\/vinalssoler.com\\\/wp-content\\\/uploads\\\/2022\\\/10\\\/015-Carrat-de-cabrito.jpg\",\"datePublished\":\"2022-10-07T09:02:07+00:00\",\"dateModified\":\"2022-10-10T15:46:57+00:00\",\"breadcrumb\":{\"@id\":\"https:\\\/\\\/vinalssoler.com\\\/producto\\\/carrat-de-cabrito\\\/#breadcrumb\"},\"inLanguage\":\"it-IT\",\"potentialAction\":[{\"@type\":\"ReadAction\",\"target\":[\"https:\\\/\\\/vinalssoler.com\\\/producto\\\/carrat-de-cabrito\\\/\"]}]},{\"@type\":\"ImageObject\",\"inLanguage\":\"it-IT\",\"@id\":\"https:\\\/\\\/vinalssoler.com\\\/producto\\\/carrat-de-cabrito\\\/#primaryimage\",\"url\":\"https:\\\/\\\/vinalssoler.com\\\/wp-content\\\/uploads\\\/2022\\\/10\\\/015-Carrat-de-cabrito.jpg\",\"contentUrl\":\"https:\\\/\\\/vinalssoler.com\\\/wp-content\\\/uploads\\\/2022\\\/10\\\/015-Carrat-de-cabrito.jpg\",\"width\":1545,\"height\":1030},{\"@type\":\"BreadcrumbList\",\"@id\":\"https:\\\/\\\/vinalssoler.com\\\/producto\\\/carrat-de-cabrito\\\/#breadcrumb\",\"itemListElement\":[{\"@type\":\"ListItem\",\"position\":1,\"name\":\"Portada\",\"item\":\"https:\\\/\\\/vinalssoler.com\\\/it\\\/\"},{\"@type\":\"ListItem\",\"position\":2,\"name\":\"Negozio\",\"item\":\"https:\\\/\\\/vinalssoler.com\\\/it\\\/negozio\\\/\"},{\"@type\":\"ListItem\",\"position\":3,\"name\":\"Carrat de cabrito\"}]},{\"@type\":\"WebSite\",\"@id\":\"https:\\\/\\\/vinalssoler.com\\\/#website\",\"url\":\"https:\\\/\\\/vinalssoler.com\\\/\",\"name\":\"Vi\u00f1als Soler\",\"description\":\"Pasi\u00f3n por la carne desde 1906\",\"publisher\":{\"@id\":\"https:\\\/\\\/vinalssoler.com\\\/#organization\"},\"potentialAction\":[{\"@type\":\"SearchAction\",\"target\":{\"@type\":\"EntryPoint\",\"urlTemplate\":\"https:\\\/\\\/vinalssoler.com\\\/?s={search_term_string}\"},\"query-input\":{\"@type\":\"PropertyValueSpecification\",\"valueRequired\":true,\"valueName\":\"search_term_string\"}}],\"inLanguage\":\"it-IT\"},{\"@type\":\"Organization\",\"@id\":\"https:\\\/\\\/vinalssoler.com\\\/#organization\",\"name\":\"Vi\u00f1als Soler\",\"alternateName\":\"VS\",\"url\":\"https:\\\/\\\/vinalssoler.com\\\/\",\"logo\":{\"@type\":\"ImageObject\",\"inLanguage\":\"it-IT\",\"@id\":\"https:\\\/\\\/vinalssoler.com\\\/#\\\/schema\\\/logo\\\/image\\\/\",\"url\":\"https:\\\/\\\/vinalssoler.com\\\/wp-content\\\/uploads\\\/2022\\\/10\\\/logo-vinals-soler-vertical-rojo.png\",\"contentUrl\":\"https:\\\/\\\/vinalssoler.com\\\/wp-content\\\/uploads\\\/2022\\\/10\\\/logo-vinals-soler-vertical-rojo.png\",\"width\":320,\"height\":318,\"caption\":\"Vi\u00f1als Soler\"},\"image\":{\"@id\":\"https:\\\/\\\/vinalssoler.com\\\/#\\\/schema\\\/logo\\\/image\\\/\"},\"sameAs\":[\"https:\\\/\\\/www.facebook.com\\\/vinalssoler\",\"https:\\\/\\\/www.linkedin.com\\\/company\\\/vinalssoler\\\/\"]}]}<\/script>\n<!-- \/ Yoast SEO plugin. -->","yoast_head_json":{"title":"Carrat de cabrito - Vi\u00f1als Soler","robots":{"index":"index","follow":"follow","max-snippet":"max-snippet:-1","max-image-preview":"max-image-preview:large","max-video-preview":"max-video-preview:-1"},"canonical":"https:\/\/vinalssoler.com\/producto\/carrat-de-cabrito\/","og_locale":"it_IT","og_type":"article","og_title":"Carrat de cabrito - Vi\u00f1als Soler","og_description":"En Vi\u00f1als Soler nos sentimos orgullosos de decir que contamos con m\u00e1s de 100 a\u00f1os de historia, \u00e9xitos y crecimiento.","og_url":"https:\/\/vinalssoler.com\/producto\/carrat-de-cabrito\/","og_site_name":"Vi\u00f1als Soler","article_publisher":"https:\/\/www.facebook.com\/vinalssoler","article_modified_time":"2022-10-10T15:46:57+00:00","og_image":[{"width":1545,"height":1030,"url":"https:\/\/vinalssoler.com\/wp-content\/uploads\/2022\/10\/015-Carrat-de-cabrito.jpg","type":"image\/jpeg"}],"twitter_card":"summary_large_image","schema":{"@context":"https:\/\/schema.org","@graph":[{"@type":"WebPage","@id":"https:\/\/vinalssoler.com\/producto\/carrat-de-cabrito\/","url":"https:\/\/vinalssoler.com\/producto\/carrat-de-cabrito\/","name":"Carrat de cabrito - Vi\u00f1als Soler","isPartOf":{"@id":"https:\/\/vinalssoler.com\/#website"},"primaryImageOfPage":{"@id":"https:\/\/vinalssoler.com\/producto\/carrat-de-cabrito\/#primaryimage"},"image":{"@id":"https:\/\/vinalssoler.com\/producto\/carrat-de-cabrito\/#primaryimage"},"thumbnailUrl":"https:\/\/vinalssoler.com\/wp-content\/uploads\/2022\/10\/015-Carrat-de-cabrito.jpg","datePublished":"2022-10-07T09:02:07+00:00","dateModified":"2022-10-10T15:46:57+00:00","breadcrumb":{"@id":"https:\/\/vinalssoler.com\/producto\/carrat-de-cabrito\/#breadcrumb"},"inLanguage":"it-IT","potentialAction":[{"@type":"ReadAction","target":["https:\/\/vinalssoler.com\/producto\/carrat-de-cabrito\/"]}]},{"@type":"ImageObject","inLanguage":"it-IT","@id":"https:\/\/vinalssoler.com\/producto\/carrat-de-cabrito\/#primaryimage","url":"https:\/\/vinalssoler.com\/wp-content\/uploads\/2022\/10\/015-Carrat-de-cabrito.jpg","contentUrl":"https:\/\/vinalssoler.com\/wp-content\/uploads\/2022\/10\/015-Carrat-de-cabrito.jpg","width":1545,"height":1030},{"@type":"BreadcrumbList","@id":"https:\/\/vinalssoler.com\/producto\/carrat-de-cabrito\/#breadcrumb","itemListElement":[{"@type":"ListItem","position":1,"name":"Portada","item":"https:\/\/vinalssoler.com\/it\/"},{"@type":"ListItem","position":2,"name":"Negozio","item":"https:\/\/vinalssoler.com\/it\/negozio\/"},{"@type":"ListItem","position":3,"name":"Carrat de cabrito"}]},{"@type":"WebSite","@id":"https:\/\/vinalssoler.com\/#website","url":"https:\/\/vinalssoler.com\/","name":"Vi\u00f1als Soler","description":"Pasi\u00f3n por la carne desde 1906","publisher":{"@id":"https:\/\/vinalssoler.com\/#organization"},"potentialAction":[{"@type":"SearchAction","target":{"@type":"EntryPoint","urlTemplate":"https:\/\/vinalssoler.com\/?s={search_term_string}"},"query-input":{"@type":"PropertyValueSpecification","valueRequired":true,"valueName":"search_term_string"}}],"inLanguage":"it-IT"},{"@type":"Organization","@id":"https:\/\/vinalssoler.com\/#organization","name":"Vi\u00f1als Soler","alternateName":"VS","url":"https:\/\/vinalssoler.com\/","logo":{"@type":"ImageObject","inLanguage":"it-IT","@id":"https:\/\/vinalssoler.com\/#\/schema\/logo\/image\/","url":"https:\/\/vinalssoler.com\/wp-content\/uploads\/2022\/10\/logo-vinals-soler-vertical-rojo.png","contentUrl":"https:\/\/vinalssoler.com\/wp-content\/uploads\/2022\/10\/logo-vinals-soler-vertical-rojo.png","width":320,"height":318,"caption":"Vi\u00f1als Soler"},"image":{"@id":"https:\/\/vinalssoler.com\/#\/schema\/logo\/image\/"},"sameAs":["https:\/\/www.facebook.com\/vinalssoler","https:\/\/www.linkedin.com\/company\/vinalssoler\/"]}]}},"_links":{"self":[{"href":"https:\/\/vinalssoler.com\/it\/wp-json\/wp\/v2\/product\/5168","targetHints":{"allow":["GET"]}}],"collection":[{"href":"https:\/\/vinalssoler.com\/it\/wp-json\/wp\/v2\/product"}],"about":[{"href":"https:\/\/vinalssoler.com\/it\/wp-json\/wp\/v2\/types\/product"}],"wp:featuredmedia":[{"embeddable":true,"href":"https:\/\/vinalssoler.com\/it\/wp-json\/wp\/v2\/media\/5886"}],"wp:attachment":[{"href":"https:\/\/vinalssoler.com\/it\/wp-json\/wp\/v2\/media?parent=5168"}],"wp:term":[{"taxonomy":"product_brand","embeddable":true,"href":"https:\/\/vinalssoler.com\/it\/wp-json\/wp\/v2\/product_brand?post=5168"},{"taxonomy":"product_cat","embeddable":true,"href":"https:\/\/vinalssoler.com\/it\/wp-json\/wp\/v2\/product_cat?post=5168"},{"taxonomy":"product_tag","embeddable":true,"href":"https:\/\/vinalssoler.com\/it\/wp-json\/wp\/v2\/product_tag?post=5168"}],"curies":[{"name":"wp","href":"https:\/\/api.w.org\/{rel}","templated":true}]}}

<p>En Viñals Soler nos sentimos orgullosos de decir que contamos con más de 100 años de historia, éxitos y crecimiento.</p>

<!-- This site is optimized with the Yoast SEO plugin v28.4 - https://yoast.com/product/yoast-seo-wordpress/ -->
<title>Carrat de cabrito - Viñals Soler</title>
<meta name="robots" content="index, follow, max-snippet:-1, max-image-preview:large, max-video-preview:-1" />
<link rel="canonical" href="https://vinalssoler.com/producto/carrat-de-cabrito/" />
<meta property="og:locale" content="it_IT" />
<meta property="og:type" content="article" />
<meta property="og:title" content="Carrat de cabrito - Viñals Soler" />
<meta property="og:description" content="En Viñals Soler nos sentimos orgullosos de decir que contamos con más de 100 años de historia, éxitos y crecimiento." />
<meta property="og:url" content="https://vinalssoler.com/producto/carrat-de-cabrito/" />
<meta property="og:site_name" content="Viñals Soler" />
<meta property="article:publisher" content="https://www.facebook.com/vinalssoler" />
<meta property="article:modified_time" content="2022-10-10T15:46:57+00:00" />
<meta property="og:image" content="https://vinalssoler.com/wp-content/uploads/2022/10/015-Carrat-de-cabrito.jpg" />
	<meta property="og:image:width" content="1545" />
	<meta property="og:image:height" content="1030" />
	<meta property="og:image:type" content="image/jpeg" />
<meta name="twitter:card" content="summary_large_image" />
<script type="application/ld+json" class="yoast-schema-graph">{"@context":"https:\/\/schema.org","@graph":[{"@type":"WebPage","@id":"https:\/\/vinalssoler.com\/producto\/carrat-de-cabrito\/","url":"https:\/\/vinalssoler.com\/producto\/carrat-de-cabrito\/","name":"Carrat de cabrito - Viñals Soler","isPartOf":{"@id":"https:\/\/vinalssoler.com\/#website"},"primaryImageOfPage":{"@id":"https:\/\/vinalssoler.com\/producto\/carrat-de-cabrito\/#primaryimage"},"image":{"@id":"https:\/\/vinalssoler.com\/producto\/carrat-de-cabrito\/#primaryimage"},"thumbnailUrl":"https:\/\/vinalssoler.com\/wp-content\/uploads\/2022\/10\/015-Carrat-de-cabrito.jpg","datePublished":"2022-10-07T09:02:07+00:00","dateModified":"2022-10-10T15:46:57+00:00","breadcrumb":{"@id":"https:\/\/vinalssoler.com\/producto\/carrat-de-cabrito\/#breadcrumb"},"inLanguage":"it-IT","potentialAction":[{"@type":"ReadAction","target":["https:\/\/vinalssoler.com\/producto\/carrat-de-cabrito\/"]}]},{"@type":"ImageObject","inLanguage":"it-IT","@id":"https:\/\/vinalssoler.com\/producto\/carrat-de-cabrito\/#primaryimage","url":"https:\/\/vinalssoler.com\/wp-content\/uploads\/2022\/10\/015-Carrat-de-cabrito.jpg","contentUrl":"https:\/\/vinalssoler.com\/wp-content\/uploads\/2022\/10\/015-Carrat-de-cabrito.jpg","width":1545,"height":1030},{"@type":"BreadcrumbList","@id":"https:\/\/vinalssoler.com\/producto\/carrat-de-cabrito\/#breadcrumb","itemListElement":[{"@type":"ListItem","position":1,"name":"Portada","item":"https:\/\/vinalssoler.com\/it\/"},{"@type":"ListItem","position":2,"name":"Negozio","item":"https:\/\/vinalssoler.com\/it\/negozio\/"},{"@type":"ListItem","position":3,"name":"Carrat de cabrito"}]},{"@type":"WebSite","@id":"https:\/\/vinalssoler.com\/#website","url":"https:\/\/vinalssoler.com\/","name":"Viñals Soler","description":"Pasión por la carne desde 1906","publisher":{"@id":"https:\/\/vinalssoler.com\/#organization"},"potentialAction":[{"@type":"SearchAction","target":{"@type":"EntryPoint","urlTemplate":"https:\/\/vinalssoler.com\/?s={search_term_string}"},"query-input":{"@type":"PropertyValueSpecification","valueRequired":true,"valueName":"search_term_string"}}],"inLanguage":"it-IT"},{"@type":"Organization","@id":"https:\/\/vinalssoler.com\/#organization","name":"Viñals Soler","alternateName":"VS","url":"https:\/\/vinalssoler.com\/","logo":{"@type":"ImageObject","inLanguage":"it-IT","@id":"https:\/\/vinalssoler.com\/#\/schema\/logo\/image\/","url":"https:\/\/vinalssoler.com\/wp-content\/uploads\/2022\/10\/logo-vinals-soler-vertical-rojo.png","contentUrl":"https:\/\/vinalssoler.com\/wp-content\/uploads\/2022\/10\/logo-vinals-soler-vertical-rojo.png","width":320,"height":318,"caption":"Viñals Soler"},"image":{"@id":"https:\/\/vinalssoler.com\/#\/schema\/logo\/image\/"},"sameAs":["https:\/\/www.facebook.com\/vinalssoler","https:\/\/www.linkedin.com\/company\/vinalssoler\/"]}]}</script>
<!-- / Yoast SEO plugin. -->

Carrat de cabrito - Viñals Soler

En Viñals Soler nos sentimos orgullosos de decir que contamos con más de 100 años de historia, éxitos y crecimiento.

Viñals Soler

Pasión por la carne desde 1906
